25. Let l be g(-3). Let a be ((-20)/(-30))/(((-4)/129)/l). Let s = a - -6. What are the prime factors of s?
2, 23
Suppose 0 = 3*s - 2*q - 42197, q + 14 = 19. List the prime factors of s.
11, 1279
Let a be (-10)/95 + (-20136)/38. Let p = a + 1216. What are the prime factors of p?
2, 7
Let p = 21 - 30. Let m be (-12)/(-54) - (-2009)/p. Let z = 413 + m. List the prime factors of z.
2, 5, 19
Let z(k) = 2*k**2 + 6*k - 7. Let m be z(2). Let u = 212 - m. Suppose 7*r - u = 207. List the prime factors of r.
2, 29
Let a(c) = -199*c + 41. Let i(k) = 200*k - 36. Let q(r) = 3*a(r) + 4*i(r). What are the prime factors of q(4)?
7, 113
Suppose -654*z - 25434 = -660*z. Suppose 2*m = 2*g + 1702, -19*g + 22*g - z = -5*m. What are the prime factors of m?
3, 283
Let t be (713 + 0)/((-38)/38). What are the prime factors of (t + -1)/(-73 + 72)?
2, 3, 7, 17
Let b(p) = -p**3 - 19*p**2 - 5*p - 27. Let f be b(-19). Suppose 17*q - f = -0*q. What are the prime factors of 42/q*(8 + -6)?
3, 7
Suppose -25*g + 21*g = -7632. Suppose -55*r + g = -49*r. What are the prime factors of r?
2, 3, 53
Let n(w) = 18*w**2 - 56*w + 46. Let k be n(-27). List the prime factors of k/18 + 120/270.
2, 3, 17
Suppose 16*y - 32*y = -768. Suppose 32*s = y*s - 11184. List the prime factors of s.
3, 233
Suppose m + 25 = 5*s, -2*s = 2*s + 5*m - 20. Let o be (16/10)/(2/s). Suppose o*y + 10 - 18 = 0. What are the prime factors of y?
2
Let h(n) = n**3 + 19*n**2 + 18*n - 39. Let q(p) = -p**2 - p. Let o(d) = h(d) + 4*q(d). Let i be o(-16). Let f = -307 - i. What are the prime factors of f?
2, 53
Suppose 3337 + 39354 = 11*f. List the prime factors of f.
3881
Suppose -323*f + 8416 = -319*f. Let s = f + -746. List the prime factors of s.
2, 7, 97
Let t(n) = 453*n - 33. Let k be t(13). Suppose 6*v + k = 22*v. What are the prime factors of v?
2, 3, 61
Let h(k) = -2*k**3 - 18*k**2 - k - 8. Let y be h(-9). List the prime factors of (6 + -3)/((2/y)/202).
3, 101
Suppose 260*t - 8620089 + 2324449 = 0. List the prime factors of t.
2, 12107
Let w = -13 - -10. Suppose -2*l - 66 = -3*m + m, 0 = l - 4. Let q = m - w. What are the prime factors of q?
2, 5
Let p = 32 + -34. What are the prime factors of -1 + 502 - 8/p?
5, 101
Let k = -6149 + 13550. What are the prime factors of k?
3, 2467
Suppose -4*q = 0, h - 9*q = -11*q. Suppose h = -3*d + 528 + 516. What are the prime factors of d?
2, 3, 29
Let l = 7293 - -3897. List the prime factors of l.
2, 3, 5, 373
Let m(o) = -19267*o - 5204. List the prime factors of m(-3).
149, 353
Let s = 27 + -32. Let j be s*-3*(-20)/(-75). Suppose 5*y = j*y + 50. What are the prime factors of y?
2, 5
Let q = 9 - 3. Let f = 109 + q. Suppose -o + 355 = 3*h, -o = -h - 3*o + f. List the prime factors of h.
7, 17
Let r be (-7)/(-5 + (7 - 3)). Let n(x) = r + 0 - 3 - 5*x - 5*x**2 + 13*x**2. What are the prime factors of n(3)?
61
Let v = -1648 - -4986. What are the prime factors of v?
2, 1669
Let z(n) = -207 + 101*n + 154 - 101*n + 171*n. List the prime factors of z(3).
2, 5, 23
Let h = -37 - -77. Let k = h + -37. Suppose -2*q + 165 + 198 = k*a, -4*a + 461 = -5*q. What are the prime factors of a?
7, 17
Suppose 10*o - 2*o = 1560. Let j = o - -550. What are the prime factors of j?
5, 149
Suppose 0 = -13*f + 17*f. Suppose -3*r - 6*c + 27 = -2*c, -3*r + 5*c = 0. Suppose 0 = r*h + 4*p - 411, 2*h + p - 3*p - 168 = f. What are the prime factors of h?
83
Suppose -86*z + z = -582494 - 172051. List the prime factors of z.
3, 11, 269
Let p be (-28)/8*4/(-7). Suppose 8141 = 5*u + p*r + 261, 0 = 2*u - r - 3161. What are the prime factors of u?
2, 3, 263
Suppose d = 2*n - 4*n + 5, n = 2*d + 10. What are the prime factors of (24/20)/(d/(-1940)) + -1?
5, 31
Let h be 12/(-36) + (-16)/(-3). Suppose -427 = -4*v + v - 5*q, h = q. Suppose 4*w + 34 = 2*i - 8, 2*w - v = -4*i. What are the prime factors of i?
31
Suppose 4*l + 80 = -4*i, 3*l + 3*i = -l - 84. Let y be 798/(-12)*l/7. Suppose 3*p - y = -p. What are the prime factors of p?
3, 19
Suppose 8 = y + 4. Suppose -39 - 13 = -m + y*k, -3*k - 94 = -2*m. List the prime factors of m.
2, 11
Let p(c) = -14*c + 1963. Let d be p(0). Let n = -776 + d. List the prime factors of n.
1187
Suppose -83*h - 15 = -86*h, 5*n - 95950 = 5*h. What are the prime factors of n?
5, 11, 349
Let u be (-270)/(-12)*4/(-6). Let x(v) = -23*v - 56. List the prime factors of x(u).
17
Let q(d) = -516*d**2 + 518*d**2 - 2 - 72. What are the prime factors of q(25)?
2, 3, 7
Let k(d) = -d**2 + 23*d - 108. Let b be k(7). Let j(l) = 370*l + 5. List the prime factors of j(b).
3, 5, 11
Let d(t) = t**2 + 22*t + 660. What are the prime factors of d(-49)?
3, 661
Let i = -1846 + 4444. What are the prime factors of i?
2, 3, 433
Let u(s) be the third derivative of 5*s**5/2 + 5*s**4/24 + 3*s**3/2 - 20*s**2. What are the prime factors of u(-2)?
599
Let a(g) be the first derivative of -281*g**2 - 147*g - 151. What are the prime factors of a(-3)?
3, 19
Let p(g) = -15*g + 49. Let n be p(3). Suppose -1224 - 2772 = -n*v. What are the prime factors of v?
3, 37
What are the prime factors of (947 + -166012)*4/(-10)?
2, 33013
What are the prime factors of (-67479)/(-5) + (-9 + -26)/(-175)?
2, 7, 241
Let m(d) be the third derivative of 11*d**7/5040 + d**6/45 - d**5/4 - 15*d**2. Let y(s) be the third derivative of m(s). What are the prime factors of y(13)?
3, 53
Let w be 28/7 + 1 + 420. Suppose 0 = 2*a + 5*q - 313, -5*a + w + 368 = 2*q. Suppose -2*t + 239 = y - 100, -t - 4*y = -a. List the prime factors of t.
3, 19
Let d = 151 - -42. Let g(k) = -k**3 + k**2 - 12*k + 37. Let z be g(5). Let m = z + d. List the prime factors of m.
2, 5, 7
Let m = 54 - 44. Let v = m - -175. List the prime factors of v.
5, 37
List the prime factors of (4 + 53 - 4)/(2/866).
53, 433
Suppose -134987 + 450162 = 35*q. What are the prime factors of q?
5, 1801
Let r be (142/4)/((-3)/(-36)). Suppose -6*k + 7*k = r. Suppose -6*p + 12*p = k. List the prime factors of p.
71
Suppose 5*m + 4*a = 14435, 3*m - 5*a - 5864 = 2834. List the prime factors of m.
7, 59
Suppose 67*s - 154*s + 30*s = -2664237. What are the prime factors of s?
43, 1087
Suppose -3*k + 3623 = 5*m - 6*m, -3*m = -4*k + 4829. Suppose 0 = -5*y + 3*y + k. What are the prime factors of y?
2, 151
Let t(k) = 1733*k - 1660. List the prime factors of t(7).
37, 283
Let s(j) = 164*j + 5. Let x = -112 - -115. What are the prime factors of s(x)?
7, 71
Let b = 21065 - 8870. Suppose -32*z = -17*z - b. What are the prime factors of z?
3, 271
Suppose -h + 1421 = -225. What are the prime factors of h?
2, 823
Suppose -30 = 5*q, 5*u - 8*q + 13*q = 26220. What are the prime factors of u?
2, 3, 5, 7
Let c = -54005 + 75828. List the prime factors of c.
139, 157
Suppose -15*f + 28*f = 195. Suppose 3*s + 1754 = 5*a, 0 = 28*s - 23*s + f. What are the prime factors of a?
349
Suppose -2*r = 2*q + 4 + 2, 2*r = -3*q - 7. Let o be (r/10)/(4/(-20)). Suppose 45 - o = 4*p. What are the prime factors of p?
11
Let n = 14879 - -1293. List the prime factors of n.
2, 13, 311
Let k(c) = c**3 - 10*c**2 - 10*c - 13. Let x be k(11). Let w be 6/x - -2 - -7. Suppose -r + 92 = w. What are the prime factors of r?
2, 43
Suppose -5*t = 2*a - 339, 5*t + 342 = 2*a + 7*t. Suppose a*h - 154*h = 27720. What are the prime factors of h?
2, 5, 7, 11
Suppose c - 10 = 3*p, -c - 14 = -6*c - 3*p. Suppose -3*w = -b - c*b + 4853, -5*b + 2*w = -4852. List the prime factors of (2/(-2))/((-10)/b).
97
Let p(i) = -6*i**2 + 1. Let m be p(1). Let q(o) = -3*o**3 - 2*o**2 + 11*o + 5. List the prime factors of q(m).
5, 11
Let z = -2249 + 2796. Let w = -2 + 4. Suppose -v + 6*v = -w*s + z, -v = -s - 108. List the prime factors of v.
109
Let f = -5200 - -18168. What are the prime factors of f?
2, 1621
Suppose 0 = 13*m - 65 - 0. Suppose -1734 = -m*w + 4*j, -8*j = -3*w - 3*j + 1043. List the prime factors of w.
2, 173
Let c(l) = -268*l**2 - 547*l**3 + 267*l**2 + l - 4 - 5*l. What are the prime factors of c(-1)?
2, 3, 7, 13
Suppose -138 = -5*q + 3*q. Suppose -5*v - 26 = q. Let r(a) = a**2 + 16*a - 9. List the prime factors of r(v).
2, 3
Let w be 170/204 + 53870/12. Suppose 0 = 9*s - w - 91. List the prime factors of s.
509
Suppose -13*k + 2*k = 13*k. Let p be -23 + (0 - 6/(-3)). Let o = k - p. List the prime factors of o.
3, 7
Let m(h) be the second derivative of -3*h